) to base 10
127852
Convert 236495 (base 14) to base 15.
18d01a
Convert 207442 (base 10) to base 8.
625122
Convert -77611 (base 9) to base 7.
-303136
14440b (base 12) to base 10
339275
What is -1a44347 (base 13) in base 6?
-505404013
-6cb347 (base 15) to base 5
-2312422432
11150720 (base 8) to base 16
24d1d0
-101100101110001100 (base 2) to base 15
-39420
Convert 452747 (base 11) to base 2.
10110000000001001001
-4cb8 (base 15) to base 11
-11335
What is 21010101002 (base 3) in base 5?
13441430
1101202112002 (base 3) to base 12
2ba13b
3460626 (base 7) to base 9
732506
-10111101110 (base 3) to base 7
-404415
Convert 565958 (base 12) to base 16.
150914
What is 2141013020 (base 5) in base 12?
167110a
Convert -11011002222020 (base 3) to base 16.
-21abc6
133303203331 (base 4) to base 8
37634375
Convert -3546d (base 15) to base 9.
-277764
Convert -1100101021220 (base 3) to base 2.
-10101110110100111011
175c787 (base 13) to base 5
3421040243
1001110101110110011100 (base 2) to base 13
6c4365
Convert 1011330321 (base 4) to base 16.
45f39
Convert 2004152 (base 9) to base 11.
668934
-10710034 (base 8) to base 16
-23901c
Convert -29c68 (base 14) to base 15.
-20c17
Convert -12453313 (base 6) to base 5.
-101132342
1133123012 (base 4) to base 14
a2622
What is 5dec (base 16) in base 8?
56754
1b6b46 (base 12) to base 8
1672746
4ba0b48 (base 12) to base 5
12302440323
What is a61046 (base 13) in base 14?
73254b
Convert 1638498 (base 10) to base 4.
12100001202
-675560 (base 9) to base 11
-256859
79318 (base 10) to base 8
232726
What is -6455053 (base 8) in base 10?
-1727019
Convert 21515104 (base 6) to base 7.
5335462
-2320101120 (base 4) to base 13
-205719
What is 400010 (base 6) in base 9?
46606
-199a7 (base 11) to base 5
-1342301
Convert -1de983 (base 15) to base 5.
-333420043
Convert -394960 (base 12) to base 4.
-3211311120
-57637 (base 10) to base 2
-1110000100100101
What is -1186196 (base 10) in base 3?
-2020021011012
What is -229609 (base 11) in base 16?
-58e42
2149299 (base 12) to base 16
606e55
330343 (base 5) to base 4
2301110
-38ad9 (base 16) to base 3
-102210110021
What is -10100a8 (base 11) in base 3?
-10100202101000
36bef (base 16) to base 15
46694
Convert 2c3a0a (base 13) to base 5.
234443414
Convert 1021101220112 (base 3) to base 10.
677174
121149 (base 12) to base 4
1013112021
Convert -156188 (base 9) to base 10.
-96389
Convert 16c4c27 (base 13) to base 12.
2593158
Convert 31012102221 (base 4) to base 10.
3433641
Convert -3796335 (base 12) to base 4.
-221210131121
424604 (base 10) to base 8
1475234
-102982d (base 14) to base 10
-7632673
Convert -112066 (base 8) to base 13.
-14368
329a23 (base 13) to base 11
744a35
What is 1578ba (base 14) in base 13?
2039b3
Convert 242737 (base 12) to base 6.
20312511
What is -32103034 (base 6) in base 3?
-1202211120211
-211204432 (base 5) to base 2
-11010111010011001011
-21221101220121 (base 3) to base 4
-100012103110
Convert 23110312 (base 5) to base 8.
624155
What is 22033331021 (base 4) in base 16?
28ff49
79441 (base 10) to base 13
2a20b
What is 1794637 (base 12) in base 15?
6736a1
What is 35787b (base 14) in base 5?
431421222
What is -374818 (base 11) in base 3?
-1010002000010
What is 25462 (base 10) in base 15?
7827
Convert 15511661 (base 7) to base 12.
603508
Convert -103323302 (base 4) to base 12.
-3b302
Convert 387560 (base 9) to base 13.
83091
Convert 88a0a (base 12) to base 4.
230032222
What is 21370d (base 15) in base 6?
53515504
What is 3517c (base 13) in base 8?
275254
What is 12201200122211 (base 3) in base 9?
5650584
What is -288b5a (base 13) in base 5?
-223144314
What is -2116625 (base 7) in base 16?
-3eb6d
Convert 110001110101100001 (base 2) to base 5.
23013004
Convert 3445152 (base 11) to base 10.
6024284
What is 42523 (base 10) in base 9?
64287
-103150 (base 8) to base 16
-8668
What is -641636 (base 7) in base 8?
-331006
Convert -735016 (base 9) to base 5.
-102433221
6421348 (base 9) to base 10
3438980
Convert -3cbea8 (base 16) to base 5.
-2004342333
-1121436 (base 7) to base 11
-96063
-414230544 (base 6) to base 8
-33367500
-b37cc (base 16) to base 9
-1340426
What is -110517 (base 9) in base 8?
-200757
Convert 1a66c (base 13) to base 8.
144663
Convert 12d124 (base 15) to base 16.
dce37
What is -57a04 (base 13) in base 16?
-27086
What is 200032111 (base 4) in base 2?
100000001110010101
-82d85 (base 16) to base 6
-15253113
Convert 7a58a (base 12) to base 9.
267847
Convert 3da2a (base 15) to base 3.
101001122211
6aa30 (base 15) to base 9
567100
What is 1331131 (base 4) in base 11?
603a
What is 1300103420 (base 5) in base 8?
13736442
7174387 (base 9) to base 11
2185294
-1023068 (base 11) to base 7
-21225062
What is 2213212 (base 4) in base 7?
43162
What is -1111110 (base 4) in base 6?
-41140
2418b (base 15) to base 10
115106
4ba17 (base 12) to base 5
11302121
-d184 (base 14) to base 2
-1000110010010000
What is 221212010121100 (base 3) in base 14?
1b79adc
What is 20021221221 (base 3) in base 2?
11110001111111101
Convert 9e66ae (base 15) to base 6.
430050345
What is 57e00 (base 16) in base 12?
154368
-a30e89 (base 15) to base 13
-17b4067
200584 (base 14) to base 11
675a79
-20d31a (base 14) to base 3
-2002111021200
-173180 (base 12) to base 14
-a57b2
Convert -121030120211 (base 4) to base 8.
-31143045
-20a348 (base 11) to base 13
-b9b1b
Convert -17357302 (base 9) to base 13.
-1a633ba
Convert -960016 (base 10) to base 9.
-1722804
Convert 1367755 (base 11) to base 10.
2352784
What is -72167 (base 9) in base 5?
-3010102
What is -bba2a (base 12) in base 15?
-4d9bd
What is 532051 (base 6) in base 12?
21027
What is -111110011010011111 (base 2) in base 14?
-69247
What is -22175441 (base 8) in base 6?
-250302545
Convert -4199a8 (base 11) to base 6.
-22223131
What is -15124335 (base 6) in base 8?
-2000443
Convert -9f1f0a (base 16) to base 3.
-201121210202112
443550 (base 9) to base 15
5381c
Convert -1123210330 (base 4) to base 15.
-7621a
133322 (base 7) to base 11
17a31
Convert 87290 (base 10) to base 16.
154fa
What is -1001000110010111011 (base 2) in base 10?
-298171
Convert -343431213 (base 5) to base 9.
-2815404
-a71c9a (base 16) to base 2
-101001110001110010011010
2120102200221 (base 3) to base 14
2780a5
Convert 14122234 (base 7) to base 8.
5013315
51b36 (base 12) to base 13
39945
Convert -8a2c3 (base 13) to base 16.
-3d44b
3abb8a (base 13) to base 16
15c0dd
What is -10c5d05 (base 14) in base 5?
-4022204201
Convert -1010020211012 (base 3) to base 14.
-117011
Convert 1161418 (base 12) to base 5.
1330032211
Convert 154f0 (base 16) to base 10.
87280
2805130 (base 11) to base 16
49d3c3
What is -331749 (base 10) in base 12?
-13bb99
What is -bc824 (base 14) in base 16?
-6f990
Convert 130132310 (base 4) to base 12.
57618
Convert 224523252 (base 6) to base 10.
4147952
Convert 2205310 (base 6) to base 10.
110058
What is 203122302021 (base 4) in base 15?
c36080
Convert 31413e (base 16) to base 13.
890351
What is 21541466 (base 7) in base 10?
1858961
Convert 1c53d (base 16) to base 12.
57191
What is -18264 (base 15) in base 3?
-10222020011
-298b74 (base 12) to base 16
-aad88
Convert 202457 (base 8) to base 6.
1233315
What is -441400 (base 10) in base 5?
-103111100
-143323451 (base 6) to base 16
-2d4237
What is -6724433 (base 8) in base 11?
-1028a57
Convert 211100121 (base 4) to base 12.
74389
-36224134 (base 7) to base 9
-6042041
What is 1232312131 (base 4) in base 12?
19a911
What is -322d (base 16) in base 14?
-4977
What is -31760576 (base 8) in base 16?
-67e17e
Convert -65f44 (base 16) to base 8.
-1457504
What is 1183996 (base 15) in base 4?
233330023323
Convert -6472503 (base 8) to base 2.
-110100111010101000011
What is 2460535 (base 7) in base 14?
83855
What is -3241633 (base 7) in base 5?
-100144301
-2a961a (base 11) to base 10
-481238
Convert -5067644 (base 9) to base 15.
-3859ba
Convert -22200111211 (base 3) to base 8.
-515717
Convert -1f3e6 (base 16) to base 4.
-133033212
100111001000111001 (base 2) to base 8
471071
Convert -2512012 (base 6) to base 2.
-100000101100101000
Convert -1538a3 (base 14) to base 11.
-465949
-11121010021120 (base 3) to base 2
-1001010100011101001011
What is 100010111011001010101 (base 2) in base 10?
1144405
Convert 110100110001111011100 (base 2) to base 14.
3303da
-118751 (base 9